{"id":261,"date":"2022-08-14T23:23:39","date_gmt":"2022-08-14T23:23:39","guid":{"rendered":"http:\/\/unevacillantemenagerie.com\/?post_type=jetpack-portfolio&#038;p=261"},"modified":"2022-08-14T23:31:36","modified_gmt":"2022-08-14T23:31:36","slug":"abecedaire-en-texto","status":"publish","type":"jetpack-portfolio","link":"http:\/\/unevacillantemenagerie.com\/?portfolio=abecedaire-en-texto","title":{"rendered":"Ab\u00e9c\u00e9daire en textos"},"content":{"rendered":"<p><img loading=\"lazy\" decoding=\"async\" class=\"alignnone size-full wp-image-265\" src=\"http:\/\/unevacillantemenagerie.com\/wp-content\/uploads\/2022\/08\/ABCcartel_emarchand_web.jpg\" alt=\"\" width=\"3648\" height=\"2736\" srcset=\"http:\/\/unevacillantemenagerie.com\/wp-content\/uploads\/2022\/08\/ABCcartel_emarchand_web.jpg 3648w, http:\/\/unevacillantemenagerie.com\/wp-content\/uploads\/2022\/08\/ABCcartel_emarchand_web-150x113.jpg 150w, http:\/\/unevacillantemenagerie.com\/wp-content\/uploads\/2022\/08\/ABCcartel_emarchand_web-300x225.jpg 300w, http:\/\/unevacillantemenagerie.com\/wp-content\/uploads\/2022\/08\/ABCcartel_emarchand_web-768x576.jpg 768w, http:\/\/unevacillantemenagerie.com\/wp-content\/uploads\/2022\/08\/ABCcartel_emarchand_web-1024x768.jpg 1024w, http:\/\/unevacillantemenagerie.com\/wp-content\/uploads\/2022\/08\/ABCcartel_emarchand_web-880x660.jpg 880w, http:\/\/unevacillantemenagerie.com\/wp-content\/uploads\/2022\/08\/ABCcartel_emarchand_web-220x165.jpg 220w\" sizes=\"auto, (max-width: 3648px) 100vw, 3648px\" \/><\/p>\n<p>Dans le cadre de l&rsquo;exposition \u00ab\u00a0Inventeurs d&rsquo;aventures\u00a0\u00bb pr\u00e9sent\u00e9e \u00e0 la Friche Belle de Mai \u00e0 Marseille, une \u00e9dition de 26 po\u00e8mes t\u00e9l\u00e9phoniques a \u00e9t\u00e9 cr\u00e9\u00e9e. Le public qui le d\u00e9sirait pouvait recevoir un po\u00e8me par jour, pendant 26 jours.<\/p>\n<p><a href=\"https:\/\/archives.p-a-c.fr\/blog\/2017\/06\/19\/exposition-collective-3\/\" target=\"_blank\" rel=\"noopener noreferrer\">Marseille Expo<\/a><\/p>\n<p><a href=\"https:\/\/www.enrevenantdelexpo.com\/2017\/10\/15\/inventeurs-aventures-premier-episode-a-la-friche-belle-de-mai\/\" target=\"_blank\" rel=\"noopener noreferrer\">En revenant de l&rsquo;expo<\/a><\/p>\n<p>&nbsp;<\/p>\n","protected":false},"excerpt":{"rendered":"<p>Dans le cadre de l&rsquo;exposition \u00ab\u00a0Inventeurs d&rsquo;aventures\u00a0\u00bb pr\u00e9sent\u00e9e \u00e0 la Friche Belle de Mai \u00e0 Marseille, une \u00e9dition de 26 po\u00e8mes t\u00e9l\u00e9phoniques a \u00e9t\u00e9 cr\u00e9\u00e9e. Le public qui le d\u00e9sirait pouvait recevoir un po\u00e8me par jour, pendant 26 jours. Marseille Expo En revenant de l&rsquo;expo &nbsp;<\/p>\n","protected":false},"author":1,"featured_media":265,"comment_status":"closed","ping_status":"closed","template":"","format":"standard","meta":{"advanced_seo_description":"","jetpack_seo_html_title":"","jetpack_seo_noindex":false,"footnotes":"","jetpack_publicize_message":"","jetpack_is_tweetstorm":false,"jetpack_publicize_feature_enabled":true,"jetpack_social_post_already_shared":true,"jetpack_social_options":[]},"jetpack-portfolio-type":[],"jetpack-portfolio-tag":[],"class_list":["post-261","jetpack-portfolio","type-jetpack-portfolio","status-publish","format-standard","has-post-thumbnail","hentry","portfolio-entry"],"jetpack_publicize_connections":[],"jetpack_sharing_enabled":true,"_links":{"self":[{"href":"http:\/\/unevacillantemenagerie.com\/index.php?rest_route=\/wp\/v2\/jetpack-portfolio\/261","targetHints":{"allow":["GET"]}}],"collection":[{"href":"http:\/\/unevacillantemenagerie.com\/index.php?rest_route=\/wp\/v2\/jetpack-portfolio"}],"about":[{"href":"http:\/\/unevacillantemenagerie.com\/index.php?rest_route=\/wp\/v2\/types\/jetpack-portfolio"}],"author":[{"embeddable":true,"href":"http:\/\/unevacillantemenagerie.com\/index.php?rest_route=\/wp\/v2\/users\/1"}],"replies":[{"embeddable":true,"href":"http:\/\/unevacillantemenagerie.com\/index.php?rest_route=%2Fwp%2Fv2%2Fcomments&post=261"}],"version-history":[{"count":0,"href":"http:\/\/unevacillantemenagerie.com\/index.php?rest_route=\/wp\/v2\/jetpack-portfolio\/261\/revisions"}],"wp:featuredmedia":[{"embeddable":true,"href":"http:\/\/unevacillantemenagerie.com\/index.php?rest_route=\/wp\/v2\/media\/265"}],"wp:attachment":[{"href":"http:\/\/unevacillantemenagerie.com\/index.php?rest_route=%2Fwp%2Fv2%2Fmedia&parent=261"}],"wp:term":[{"taxonomy":"jetpack-portfolio-type","embeddable":true,"href":"http:\/\/unevacillantemenagerie.com\/index.php?rest_route=%2Fwp%2Fv2%2Fjetpack-portfolio-type&post=261"},{"taxonomy":"jetpack-portfolio-tag","embeddable":true,"href":"http:\/\/unevacillantemenagerie.com\/index.php?rest_route=%2Fwp%2Fv2%2Fjetpack-portfolio-tag&post=261"}],"curies":[{"name":"wp","href":"https:\/\/api.w.org\/{rel}","templated":true}]}}

Abécédaire en textos

<p><img loading="lazy" decoding="async" class="alignnone size-full wp-image-265" src="http://unevacillantemenagerie.com/wp-content/uploads/2022/08/ABCcartel_emarchand_web.jpg" alt="" width="3648" height="2736" srcset="http://unevacillantemenagerie.com/wp-content/uploads/2022/08/ABCcartel_emarchand_web.jpg 3648w, http://unevacillantemenagerie.com/wp-content/uploads/2022/08/ABCcartel_emarchand_web-150x113.jpg 150w, http://unevacillantemenagerie.com/wp-content/uploads/2022/08/ABCcartel_emarchand_web-300x225.jpg 300w, http://unevacillantemenagerie.com/wp-content/uploads/2022/08/ABCcartel_emarchand_web-768x576.jpg 768w, http://unevacillantemenagerie.com/wp-content/uploads/2022/08/ABCcartel_emarchand_web-1024x768.jpg 1024w, http://unevacillantemenagerie.com/wp-content/uploads/2022/08/ABCcartel_emarchand_web-880x660.jpg 880w, http://unevacillantemenagerie.com/wp-content/uploads/2022/08/ABCcartel_emarchand_web-220x165.jpg 220w" sizes="auto, (max-width: 3648px) 100vw, 3648px" /></p>
<p>Dans le cadre de l&rsquo;exposition « Inventeurs d&rsquo;aventures » présentée à la Friche Belle de Mai à Marseille, une édition de 26 poèmes téléphoniques a été créée. Le public qui le désirait pouvait recevoir un poème par jour, pendant 26 jours.</p>
<p><a href="https://archives.p-a-c.fr/blog/2017/06/19/exposition-collective-3/" target="_blank" rel="noopener noreferrer">Marseille Expo</a></p>
<p><a href="https://www.enrevenantdelexpo.com/2017/10/15/inventeurs-aventures-premier-episode-a-la-friche-belle-de-mai/" target="_blank" rel="noopener noreferrer">En revenant de l&rsquo;expo</a></p>
<p>&nbsp;</p>

<p>Dans le cadre de l&rsquo;exposition « Inventeurs d&rsquo;aventures » présentée à la Friche Belle de Mai à Marseille, une édition de 26 poèmes téléphoniques a été créée. Le public qui le désirait pouvait recevoir un poème par jour, pendant 26 jours. Marseille Expo En revenant de l&rsquo;expo &nbsp;</p>
